 5853340 a multiple of 20?
True
Does 64 divide 76608?
True
Is 354259 a multiple of 9?
False
Does 40 divide 52863?
False
Is 340174 a multiple of 13?
False
Is 1250478 a multiple of 8?
False
Is 17 a factor of 4117136?
False
Is 51229 a multiple of 120?
False
Does 24 divide 995472?
True
Does 5 divide 565977?
False
Does 18 divide 841278?
False
Does 103 divide 1835482?
False
Is 3215 even?
False
Is 7 a factor of 98282?
False
Is 26589 a multiple of 11?
False
Is 5928880 a multiple of 10?
True
Does 768 divide 288000?
True
Is 910 a factor of 1335661?
False
Is 1681077 a multiple of 107?
True
Does 37 divide 373959?
True
Is 5 a factor of 284929?
False
Is 4773269 a multiple of 303?
False
Is 224809 a multiple of 10?
False
Is 108612 a multiple of 38?
False
Is 475416 a multiple of 372?
True
Is 389295 a multiple of 18?
False
Does 32 divide 379104?
True
Is 2401380 a multiple of 174?
False
Is 12 a factor of 1021389?
False
Does 243 divide 20491222?
False
Is 180726 a multiple of 21?
True
Is 1647365 a multiple of 530?
False
Is 8177138 a multiple of 32?
False
Is 502 a factor of 11865085?
False
Does 7 divide 161663?
False
Is 2295856 a multiple of 172?
True
Is 53 a factor of 926917?
True
Is 12 a factor of 1314408?
True
Is 411 a multiple of 25?
False
Is 1059597 a multiple of 152?
False
Is 1613614 a multiple of 9?
False
Does 267 divide 106688?
False
Is 204285 a multiple of 867?
False
Is 5689668 a multiple of 1004?
True
Does 28 divide 3293416?
True
Is 516583 a multiple of 12?
False
Is 1563 a factor of 5372031?
True
Does 81 divide 500499?
True
Is 12085788 a multiple of 858?
True
Is 1198800 a multiple of 108?
True
Does 88 divide 27876?
False
Is 2905 a multiple of 6?
False
Is 2491619 a multiple of 137?
True
Is 166308 a multiple of 504?
False
Is 152962 a multiple of 51?
False
Is 2700892 a multiple of 13?
False
Is 158437 a multiple of 80?
False
Is 674 a factor of 2036828?
True
Is 269198 a multiple of 85?
False
Is 13 a factor of 8425258?
False
Does 29 divide 6699?
True
Does 307 divide 927754?
True
Is 399 a factor of 2767188?
False
Is 57885 a multiple of 5?
True
Does 630 divide 2768850?
True
Is 49674 a multiple of 231?
False
Is 214727 a multiple of 17?
True
Is 155524 a multiple of 17?
False
Does 91 divide 422680?
False
Is 631197 a multiple of 63?
True
Is 124680 a multiple of 330?
False
Is 29 a factor of 466057?
False
Does 579 divide 4598997?
True
Does 14 divide 362426?
False
Is 7291999 a multiple of 34?
False
Is 3 a factor of 75895?
False
Does 11 divide 57964?
False
Does 15 divide 1225424?
False
Is 81008 a multiple of 185?
False
Does 368 divide 3463818?
False
Does 9 divide 2720448?
True
Does 45 divide 2922458?
False
Does 90 divide 197280?
True
Is 11 a factor of 207250?
False
Is 9398697 a multiple of 427?
True
Does 44 divide 7128?
True
Does 9 divide 449811?
True
Does 5 divide 405800?
True
Is 32 a factor of 439168?
True
Does 823 divide 12675023?
True
Is 19775 a multiple of 4?
False
Is 722876 a multiple of 77?
True
Is 9242841 a multiple of 18?
False
Is 230 a factor of 862217?
False
Is 140637 a multiple of 543?
True
Is 1454018 a multiple of 38?
False
Is 623238 a multiple of 266?
True
Is 277 a factor of 8212059?
False
Is 81 a factor of 1349298?
True
Does 72 divide 3398184?
True
Is 68815 a multiple of 63?
False
Does 46 divide 6280587?
False
Does 8 divide 3259936?
True
Is 177276 a multiple of 187?
True
Is 532 a factor of 1025164?
True
Is 149 a factor of 460708?
True
Does 19 divide 9125?
False
Is 19 a factor of 55385?
True
Is 170 a factor of 3064472?
False
Is 410 a factor of 169330?
True
Is 3806696 a multiple of 41?
False
Is 236555 a multiple of 23?
True
Is 7 a factor of 110173?
True
Does 20 divide 4633315?
False
Does 23 divide 3628710?
True
Is 101 a factor of 1063631?
True
Is 785610 a multiple of 406?
True
Is 45 a factor of 547110?
True
Is 12 a factor of 215568?
True
Does 658 divide 2206255?
False
Is 193239 a multiple of 16?
False
Does 130 divide 9682938?
False
Does 3 divide 260498?
False
Does 270 divide 3387960?
True
Does 25 divide 11375?
True
Does 69 divide 4929933?
False
Does 88 divide 991576?
False
Is 1621420 a multiple of 10?
True
Is 747637 a multiple of 31?
False
Is 11183961 a multiple of 141?
False
Does 206 divide 206699?
False
Is 252330 a multiple of 149?
False
Is 20685497 a multiple of 39?
False
Is 9471661 a multiple of 21?
False
Is 4337961 a multiple of 23?
True
Is 229350 a multiple of 30?
True
Is 340560 a multiple of 144?
True
Is 103008 a multiple of 32?
True
Is 17 a factor of 223326?
False
Does 314 divide 1948197?
False
Does 2 divide 17952?
True
Does 18 divide 2391390?
True
Does 11 divide 2512312?
True
Is 283 a factor of 5074756?
True
Is 34 a factor of 75276?
True
Is 256803 a multiple of 37?
False
Is 59 a factor of 197886?
True
Does 186 divide 338452?
False
Is 3 a factor of 10629?
True
Is 21114940 a multiple of 77?
True
Is 35712 a multiple of 48?
True
Is 2 a factor of 6289?
False
Is 38 a factor of 1133464?
True
Is 19358480 a multiple of 10?
True
Does 23 divide 117655?
False
Is 73275 a multiple of 2?
False
Does 86 divide 13341279?
False
Is 182118 a multiple of 37?
False
Is 38 a factor of 7870484?
True
Is 44 a factor of 127310?
False
Is 55105 a multiple of 103?
True
Is 241432 a multiple of 412?
True
Does 32 divide 5487360?
True
Does 280 divide 232508?
False
Is 1040646 a multiple of 753?
True
Is 780552 a multiple of 8?
True
Is 2393985 a multiple of 605?
True
Is 5155765 a multiple of 1147?
True
Is 2598518 a multiple of 17?
True
Does 22 divide 78694?
True
Is 21 a factor of 516894?
True
Is 189 a factor of 6518587?
False
Is 1429092 a multiple of 13?
False
Does 21 divide 673323?
True
Is 148525 a multiple of 109?
False
Is 150336 a multiple of 116?
True
Is 20 a factor of 3236500?
True
Is 7 a factor of 117584?
False
Is 9737703 a multiple of 9?
True
Is 24575011 a multiple of 54?
False
Is 17 a factor of 187051?
True
Is 1084538 a multiple of 535?
False
Does 1107 divide 903473?
False
Is 71040 a multiple of 7?
False
Is 630178 a multiple of 185?
False
Does 3 divide 76702?
False
Is 21 a factor of 5515629?
True
Is 365046 a multiple of 33?
True
Is 55 a factor of 5922840?
True
Is 541 a multiple of 541?
True
Does 539 divide 828241?
False
Does 53 divide 2095636?
False
Does 6 divide 1615722?
True
Is 1634 a factor of 15099794?
True
Does 97 divide 941862?
False
Is 3061815 a multiple of 15?
True
Is 7561567 a multiple of 75?
False
Is 16 a factor of 634384?
True
Is 20 a factor of 7203960?
True
Is 363 a factor of 30294?
False
Is 19353561 a multiple of 32?
False
Does 294 divide 239022?
True
Is 583227 a multiple of 18?
False
Is 117588 a multiple of 8?
False
Is 32900 a multiple of 117?
False
Does 100 divide 435408?
False
Is 147 a factor of 684432?
True
Is 790243 a multiple of 44?
False
Is 199 a factor of 243491?
False
Does 28 divide 7980?
True
Is 17640 a multiple of 40?
True
Is 3152932 a multiple of 172?
True
Is 166 a factor of 51128?
True
Does 920 divide 2613950?
False
Is 410 a factor of 4776033?
False
Does 256 divide 490240?
True
Is 592 a factor of 122544?
True
Is 4 a factor of 992510?
False
Is 117334 a multiple of 986?
True
Does 39 divide 905307?
True
Does 12 divide 16080657?
False
Does 13 divide 106574?
True
Is 15 a factor of 3678804?
False
Is 309444 a multiple of 76?
False
Is 871422 a multiple of 3?
True
Is 1307 a factor of 6263144?
True
Is 165128 a multiple of 76?
False
Does 443 divide 36769?
True
Is 15 a factor of 1569120?
True
Is 52 a factor of 60484?
False
Is 16804367 a multiple of 25?
False
Does 331 divide 23015092?
True
Does 10 divide 161518?
False
Does 49 divide 6165?
False
Is 583128 a multiple of 7?
True
Is 17126 even?
True
Is 104393 a multiple of 170?
False
Is 153572 a multiple of 83?
False
Is 280176 a multiple of 13?
True
Does 104 divide 2493998?
False
Is 8784855 a multiple of 206?
False
Is 2088 a multiple of 24?
True
Does 48 divide 60073?
False
Does 34 divide 25227558?
True
Does 221 divide 2560727?
True
Is 24 a factor of 45289?
False
Is 1864 a multiple of 3?
False
Is 13 a factor of 332450?
False
Is 79 a factor of 2927480?
False
Is 249 a factor of 3848793?
True
Is 632115 a multiple of 165?
True
Does 420 divide 153673?
False
Is 61019 a multiple of 7?
True
Is 109 a factor of 71369?
False
Is 13 a factor of 1395245?
False
Is 21880 a multiple of 10?
True
Is 2583763 a multiple of 228?
False
Is 